 be b(16). Calculate the greatest common divisor of n and x.
15
Let q(c) = -2*c + 13. Let d(r) = -r + 13. Let w(v) = -3*d(v) + 2*q(v). Let y be w(-19). Suppose 2*o + 64 = y*o. Calculate the highest common factor of 8 and o.
8
Let z(m) = 8 + 3*m**2 + m**3 + 10 + 10 - 3*m - 35. Let l be z(-3). What is the greatest common divisor of l and 144?
2
Suppose 590 = 7*h + 170. Suppose 0 = -2*a + 80 + h. What is the highest common factor of 110 and a?
10
Let g = -241 - -673. Let z = 22912 + -22858. Calculate the highest common divisor of z and g.
54
Let d be -23 + 22 + (0 - -1). Let g be 30/6 + d - -7. Calculate the greatest common divisor of g and 3.
3
Let d(n) = 2*n**3 + 6*n**2 - 2*n - 2. Let p be d(-3). Suppose 2*o = -5*u + 70, -p*o = -19*u + 16*u - 166. Calculate the greatest common divisor of o and 12.
4
Let q(s) = -s**2 + 17*s - 9. Let a be q(15). Let b(u) = -9*u - 51. Let f be b(-7). Calculate the highest common factor of a and f.
3
Let j be 2460/3444 - 8614/(-14). Calculate the greatest common divisor of 264 and j.
88
Let z = -4256 + 4994. Calculate the highest common factor of 18 and z.
18
Let b = -122 + 276. Let j(s) = s**3 + 18*s**2 + 48*s + 67. Let g be j(-15). What is the highest common factor of g and b?
22
Let j(d) = 4*d - 18. Let u be 2*1 - (-6 - 8/(-2)). Let h be j(u). Let v be ((-3)/4)/(h/32). Calculate the greatest common factor of 12 and v.
12
Let b(u) = u**2 + 7*u + 3. Let g be b(-5). Let o = -7 - g. Suppose 3*n - w = 27, -4*n + o*n + 5*w = -36. What is the greatest common divisor of n and 45?
9
Let h be (49/42 - 2)/((-4)/24). Suppose -40 = -q - 36*i + 31*i, 80 = q - h*i. Suppose -3*b + 178 = -92. What is the highest common divisor of q and b?
30
Suppose f = -36*c + 38*c - 127, 5*f = -2*c + 145. What is the highest common divisor of 20 and c?
5
Let h = 85 - -290. Suppose x = h - 56. What is the highest common factor of 29 and x?
29
Let q = 31023 + -31011. Let x be (-1391)/(-4) - 1/(-4). What is the highest common factor of q and x?
12
Let q = -154 - -157. Suppose -230 = -q*a - 2*a + 4*d, 0 = 2*a - 4*d - 104. Calculate the greatest common factor of a and 147.
21
Suppose 3369 = -75*x + 3669. What is the greatest common divisor of x and 1516?
4
Let k = 5384 + -1980. Suppose 2714 = 14*h - k. Calculate the greatest common divisor of h and 19.
19
Suppose -w - 1677 = -2*r - 4*w, 3*w = 3*r - 2538. Suppose 0 = 9*j - r + 51. What is the highest common factor of 396 and j?
44
Suppose -3*h = 5*y - y - 114, 3*y = 5*h - 161. Suppose -500 = -h*v + 9*v. What is the greatest common divisor of 12 and v?
4
Let a = 10426 + -10369. What is the greatest common divisor of a and 4845?
57
Let a be 773/3 + (-4)/6. Suppose -5*i + o = -8*i + a, 2*i - o - 178 = 0. What is the greatest common factor of i and 58?
29
Suppose -4*m + 1948 = -2*x + 4*x, x - 965 = -5*m. What is the greatest common divisor of 3038 and x?
98
Let a(d) = -3*d + 31. Let l be a(0). Let f = -26 + 29. Suppose -y = 5*p - f*y - l, -3*p = -2*y - 21. What is the greatest common factor of p and 40?
5
Suppose 2*m = 2*y + 82, 39 = 5*m - y - 174. Calculate the greatest common factor of 4 and m.
1
Suppose -2*a = -k - 132, a = -0*a - 4*k + 48. Suppose -382 = -5*c - 3*w, -178 = c + w - 252. What is the greatest common divisor of a and c?
16
Suppose -1188 = -37*l - 300. Calculate the greatest common divisor of 228 and l.
12
Suppose 12 + 68 = 181*h - 161*h. Calculate the highest common factor of 748 and h.
4
Let p be (-2)/(-2*(-1)/(-5)). Let r be (33/p)/((-7)/(-35)). Suppose 0 = 7*t - 2279 + 2125. What is the greatest common divisor of r and t?
11
Let l be ((-3)/(-1))/((-65)/11 - -6). Calculate the greatest common factor of 18744 and l.
33
Let d(o) = 42*o + 732. Let t be d(-14). Calculate the greatest common divisor of 612 and t.
36
Suppose 23*m + 1679 = 1909. Suppose b - 322 = -4*b + 3*v, -200 = -3*b - 5*v. Calculate the greatest common factor of b and m.
5
Suppose -55 = 10*n - 399 + 64. What is the greatest common divisor of 1036 and n?
28
Let d be (160/(-12))/(2/(-6)). Suppose 490 = 3*q - 5*z, 2*z - z = 4*q - 642. Suppose q = -i + 3*i. What is the greatest common divisor of d and i?
40
Let m be 18 - (3*-4)/(-3). Let v = m + -12. Let o be (-45)/(-10)*v + 1. What is the highest common factor of 2 and o?
2
Suppose d - 3*d - 2 = b, -3*b - 3*d - 6 = 0. Let n be b*((-75)/(-2))/(-1). Suppose 4*x - 24 = 36. Calculate the greatest common factor of n and x.
15
Suppose -47 - 91 = 4*n - 10*n. Let g = 298 + -183. What is the greatest common factor of g and n?
23
Let j(d) = -d**3 + 2*d**2 + 18*d - 13. Let w be j(5). Suppose w*n + 118 = 136. Calculate the greatest common divisor of 24 and n.
3
Let l = -54 + -99. Let q = 157 - l. Calculate the highest common divisor of 124 and q.
62
Let v = 6056 - 6004. Calculate the highest common factor of v and 6838.
26
Let k be (-1170)/(-22) + (-4)/22. Let u = k - 31. Let z be (-49)/7*(0 - 11) + 0. Calculate the greatest common divisor of u and z.
11
Let q(g) = -8*g**2 + g + 45. Let r be q(7). Let a = 821 + r. What is the highest common factor of 26 and a?
13
Let x be 4/(-4) + 0 + -6. Suppose 0 = -6*v - 14 - 4. Let h be (-150)/(-9) + (x/v - 3). Calculate the highest common divisor of 16 and h.
16
Suppose -131*w = -128*w - 30. Let q be (w/(-6))/(140/(-5544)). Let b(d) = -33*d. Let r be b(-3). Calculate the highest common divisor of q and r.
33
Let u = 140 - 67. Suppose -u + 217 = 6*y. What is the highest common divisor of 9 and y?
3
Let b(t) = -3*t**3 - t**2 - t. Let l be b(-1). Let n be (4 + -29)/(-5) + l - -3. Calculate the greatest common factor of 44 and n.
11
Let w(k) = k**3 + 10*k**2 + 22*k + 34. Suppose 5*a = 2*l - 22, 2 + 2 = -l. Let u be w(a). Calculate the highest common divisor of 2 and u.
2
Let l(x) = 3*x**2 + 3*x - 2. Let b be l(-3). Let q(v) = 2*v - 30. Let o be q(b). Suppose -z = o*z - 42. Calculate the highest common factor of 98 and z.
14
Let q = 34791 - 31111. Calculate the greatest common factor of 46 and q.
46
Suppose 0 = d, 3*n + d = 8 + 1. Suppose 4*c + 129 = 3*c + 2*g, -10 = -2*g. Let t be c/(-3) - ((-16)/n - -5). What is the highest common divisor of t and 4?
4
Suppose 81*q + 24710 = 320*q + 3917. Suppose i - 3*h + h = 114, -3*i = 3*h - 351. Calculate the highest common divisor of q and i.
29
Suppose -4*k + 3*k + 470 = 3*t, 4*t - 625 = -k. Let v = -135 + t. Suppose 4*h + h + 4*o = 34, o + 34 = 3*h. Calculate the greatest common divisor of v and h.
10
Let b(x) = 2*x**3 + 8*x**2 + 33*x + 1. Let y(v) = -3*v**2 + 1. Let h(s) = -b(s) + 4*y(s). Let l be h(-8). What is the greatest common factor of 2 and l?
1
Let a be (432/(-480))/(6/(-40)). Calculate the highest common divisor of 3378 and a.
6
Let r(k) = 187*k**2 + k + 1. Let p be r(-1). Let x(t) = -41*t + 6. Let c be x(-1). Suppose 0 = -6*y + 55 + c. Calculate the highest common factor of y and p.
17
Let m be 9 + (0 - (-4 - -6)). Let p be (-6)/24 + (-74)/(-8). Let u = p + m. Calculate the greatest common divisor of u and 8.
8
Suppose 53*u = -286 + 4368 + 3073. What is the greatest common divisor of 2295 and u?
135
Let g be ((-6)/(72/(-7636)))/((-1)/279). Let h be 2 - (g/161 + 2/(-7)). Calculate the greatest common divisor of 65 and h.
65
Suppose 615*q = 634*q - 2850. Calculate the greatest common divisor of 42 and q.
6
Let u be (-108)/216 - (0 - (-258)/(-4)). Calculate the highest common divisor of 1472 and u.
64
Let c = -15100 - -19378. Calculate the greatest common factor of 138 and c.
138
Let v(l) = -29*l + 1. Let b be v(-1). Suppose 4*x - 8*x - 208 = -4*t, -4*x - 158 = -3*t. Calculate the greatest common factor of t and b.
10
Let c be 3 + 25/10*(-4)/(-5). Suppose 45 = 4*d + c*f, -5*f = -8 + 3. What is the greatest common factor of d and 40?
10
Let l(t) = -231*t - 128. Let c be l(-3). Let q = -558 + c. Suppose -5 = 3*z - 26. Calculate the greatest common factor of q and z.
7
Let n(x) = -5*x**3 - x**2 - x. Let g be n(-1). Let v be 5/20 - 33/4. Let z(l) = l + 43. Let p be z(v). Calculate the highest common divisor of g and p.
5
Let y be (4/(-8))/((-4)/168). Let g be -40*(3 + y/(-6)). Suppose 3*b - g = -2. What is the highest common divisor of b and 12?
6
Let s = -5 + 8. Suppose 4*x + x = 4*u + 177, -5*x + u = -168. Let h = x - 32. What is the highest common divisor of s and h?
1
Let d(m) = 411*m + 5513. Let 